{"id":1548,"date":"2018-10-07T15:16:54","date_gmt":"2018-10-07T15:16:54","guid":{"rendered":"http:\/\/segamed.eu\/WordPress\/?page_id=1548"},"modified":"2018-11-12T10:12:06","modified_gmt":"2018-11-12T10:12:06","slug":"inscription-segamed-2018","status":"publish","type":"page","link":"http:\/\/segamed.eu\/WordPress\/inscription-segamed-2018\/","title":{"rendered":"Inscription SeGaMed 2018"},"content":{"rendered":"<div class=\"wpb-content-wrapper\"><p>[vc_row css=\u00a0\u00bb.vc_custom_1480075289723{margin-top: 0px !important;margin-right: 0px !important;margin-bottom: 0px !important;margin-left: 0px !important;border-top-width: 0px !important;border-right-width: 0px !important;border-bottom-width: 0px !important;border-left-width: 0px !important;padding-top: 0px !important;padding-right: 0px !important;padding-bottom: 0px !important;padding-left: 0px !important;border-left-color: #000000 !important;border-left-style: solid !important;border-right-color: #000000 !important;border-right-style: solid !important;border-top-color: #000000 !important;border-top-style: solid !important;border-bottom-color: #000000 !important;border-bottom-style: solid !important;}\u00a0\u00bb][vc_column][vc_row_inner css=\u00a0\u00bb.vc_custom_1480075315791{margin: 0px !important;padding: 0px !important;border: 1px solid #000000 !important;}\u00a0\u00bb][vc_column_inner][vc_column_text]<\/p>\n<div class=\"\">\n<div class=\"\"><strong>Tarifs :<\/strong><\/div>\n<ul>\n<li><strong>Colloque SeGaMed<\/strong>, le 30 novembre et le 1er d\u00e9cembre : 100 euros (repas de midi compris vendredi) &#8211; gratuit pour les membres de l\u2019UCA* (tous les \u00e9tudiants, tous les enseignants), payant pour tous les autres<\/li>\n<li><del><strong>Gamathon<\/strong>, du 26 au 29 novembre : gratuit pour tout le monde (UCA* et hors UCA, \u00e9tudiants, enseignants, entreprises)<\/del> \u00a0<em><span style=\"color: #ff0000;\">Pour des raisons logistiques, l&rsquo;organisation du Gamathon est report\u00e9e. Nous vous prions de nous excuser pour ce d\u00e9sagr\u00e9ment ind\u00e9pendant de notre volont\u00e9.<\/span><\/em><\/li>\n<\/ul>\n<div class=\"\"><strong>(*) On comprend par Membres UCA<\/strong>\u00a0(Universit\u00e9 C\u00f4te d\u2019Azur) les composantes list\u00e9es \u00e0 l&rsquo;adresse suivante cf.\u00a0<a class=\"\" href=\"http:\/\/univ-cotedazur.fr\/english\/presentation\/uca-members\" target=\"_blank\" rel=\"noopener\">http:\/\/univ-cotedazur.fr\/english\/presentation\/uca-members<\/a>.\u00a0Les conditions sp\u00e9ciales ne s\u2019appliquent qu\u2019aux personnels des Alpes-Maritimes. Un justificatif d\u2019appartenance et d\u2019adresse sera demand\u00e9.<\/div>\n<div class=\"\">&#8212;<\/div>\n<\/div>\n<div class=\"\">Merci de vous inscrire en remplissant le formulaire en ligne et de nous faire parvenir une copie du mail g\u00e9n\u00e9r\u00e9 lors de l\u2019inscription et que vous recevez en copie, accompagn\u00e9 d\u2019un ch\u00e8que \u00e0 l\u2019ordre de l\u2019ASPIM.<\/div>\n<div class=\"\">&#8212;<\/div>\n<div class=\"\"><strong>Nous acceptons \u00e9galement les bons de commande universit\u00e9.<\/strong><\/div>\n<div class=\"\">&#8212;<\/div>\n<div class=\"\">L\u2019adresse d\u2019envoi des inscriptions accompagn\u00e9es de leur r\u00e8glement est la suivante :<\/div>\n<div class=\"\"><strong>Pascal Staccini<\/strong><\/div>\n<div class=\"\">SeGaMed 2018<\/div>\n<div class=\"\">D\u00e9partement IRIS<\/div>\n<div>Facult\u00e9 de M\u00e9decine de Nice<\/div>\n<div class=\"\">28 avenue de Valombrose, 06107 Nice cedex 2<\/div>\n<div class=\"\">Tel.: +33 4 93 37 76 45<\/div>\n<p>[\/vc_column_text][contact-form-7 id=\u00a0\u00bb1550&Prime;][\/vc_column_inner][\/vc_row_inner][\/vc_column][\/vc_row]<\/p>\n<\/div>","protected":false},"excerpt":{"rendered":"<div class=\"mh-excerpt\"><p>[vc_row css=\u00a0\u00bb.vc_custom_1480075289723{margin-top: 0px !important;margin-right: 0px !important;margin-bottom: 0px !important;margin-left: 0px !important;border-top-width: 0px !important;border-right-width: 0px !important;border-bottom-width: 0px !important;border-left-width: 0px !important;padding-top: 0px !important;padding-right: 0px !important;padding-bottom: 0px !important;padding-left: 0px !important;border-left-color: #000000 !important;border-left-style: solid !important;border-right-color: #000000 !important;border-right-style: solid !important;border-top-color: #000000 <a class=\"mh-excerpt-more\" href=\"http:\/\/segamed.eu\/WordPress\/inscription-segamed-2018\/\" title=\"Inscription SeGaMed 2018\">[&#8230;]<\/a><\/p>\n<\/div>","protected":false},"author":1,"featured_media":0,"parent":0,"menu_order":0,"comment_status":"closed","ping_status":"closed","template":"","meta":{"footnotes":""},"class_list":["post-1548","page","type-page","status-publish"],"yoast_head":"<!-- This site is optimized with the Yoast SEO plugin v25.5 - https:\/\/yoast.com\/wordpress\/plugins\/seo\/ -->\n<title>Inscription SeGaMed 2018 - Serious Games and Simulation Applied to Medecine and Healthcare<\/title>\n<meta name=\"robots\" content=\"index, follow, max-snippet:-1, max-image-preview:large, max-video-preview:-1\" \/>\n<link rel=\"canonical\" href=\"http:\/\/segamed.eu\/WordPress\/inscription-segamed-2018\/\" \/>\n<meta property=\"og:locale\" content=\"fr_FR\" \/>\n<meta property=\"og:type\" content=\"article\" \/>\n<meta property=\"og:title\" content=\"Inscription SeGaMed 2018 - Serious Games and Simulation Applied to Medecine and Healthcare\" \/>\n<meta property=\"og:description\" content=\"[vc_row css=\u00a0\u00bb.vc_custom_1480075289723{margin-top: 0px !important;margin-right: 0px !important;margin-bottom: 0px !important;margin-left: 0px !important;border-top-width: 0px !important;border-right-width: 0px !important;border-bottom-width: 0px !important;border-left-width: 0px !important;padding-top: 0px !important;padding-right: 0px !important;padding-bottom: 0px !important;padding-left: 0px !important;border-left-color: #000000 !important;border-left-style: solid !important;border-right-color: #000000 !important;border-right-style: solid !important;border-top-color: #000000 [...]\" \/>\n<meta property=\"og:url\" content=\"http:\/\/segamed.eu\/WordPress\/inscription-segamed-2018\/\" \/>\n<meta property=\"og:site_name\" content=\"Serious Games and Simulation Applied to Medecine and Healthcare\" \/>\n<meta property=\"article:modified_time\" content=\"2018-11-12T10:12:06+00:00\" \/>\n<meta name=\"twitter:label1\" content=\"Dur\u00e9e de lecture estim\u00e9e\" \/>\n\t<meta name=\"twitter:data1\" content=\"2 minutes\" \/>\n<script type=\"application\/ld+json\" class=\"yoast-schema-graph\">{\"@context\":\"https:\/\/schema.org\",\"@graph\":[{\"@type\":\"WebPage\",\"@id\":\"http:\/\/segamed.eu\/WordPress\/inscription-segamed-2018\/\",\"url\":\"http:\/\/segamed.eu\/WordPress\/inscription-segamed-2018\/\",\"name\":\"Inscription SeGaMed 2018 - Serious Games and Simulation Applied to Medecine and Healthcare\",\"isPartOf\":{\"@id\":\"https:\/\/segamed.eu\/WordPress\/#website\"},\"datePublished\":\"2018-10-07T15:16:54+00:00\",\"dateModified\":\"2018-11-12T10:12:06+00:00\",\"breadcrumb\":{\"@id\":\"http:\/\/segamed.eu\/WordPress\/inscription-segamed-2018\/#breadcrumb\"},\"inLanguage\":\"fr-FR\",\"potentialAction\":[{\"@type\":\"ReadAction\",\"target\":[\"http:\/\/segamed.eu\/WordPress\/inscription-segamed-2018\/\"]}]},{\"@type\":\"BreadcrumbList\",\"@id\":\"http:\/\/segamed.eu\/WordPress\/inscription-segamed-2018\/#breadcrumb\",\"itemListElement\":[{\"@type\":\"ListItem\",\"position\":1,\"name\":\"Accueil\",\"item\":\"https:\/\/segamed.eu\/WordPress\/\"},{\"@type\":\"ListItem\",\"position\":2,\"name\":\"Inscription SeGaMed 2018\"}]},{\"@type\":\"WebSite\",\"@id\":\"https:\/\/segamed.eu\/WordPress\/#website\",\"url\":\"https:\/\/segamed.eu\/WordPress\/\",\"name\":\"Serious Games and Simulation Applied to Medecine and Healthcare\",\"description\":\"Premier colloque sur la gamification, les jeux s\u00e9rieux et la simulation en sant\u00e9\",\"publisher\":{\"@id\":\"https:\/\/segamed.eu\/WordPress\/#organization\"},\"potentialAction\":[{\"@type\":\"SearchAction\",\"target\":{\"@type\":\"EntryPoint\",\"urlTemplate\":\"https:\/\/segamed.eu\/WordPress\/?s={search_term_string}\"},\"query-input\":{\"@type\":\"PropertyValueSpecification\",\"valueRequired\":true,\"valueName\":\"search_term_string\"}}],\"inLanguage\":\"fr-FR\"},{\"@type\":\"Organization\",\"@id\":\"https:\/\/segamed.eu\/WordPress\/#organization\",\"name\":\"Serious Games and Simulation Applied to Medecine and Healthcare\",\"url\":\"https:\/\/segamed.eu\/WordPress\/\",\"logo\":{\"@type\":\"ImageObject\",\"inLanguage\":\"fr-FR\",\"@id\":\"https:\/\/segamed.eu\/WordPress\/#\/schema\/logo\/image\/\",\"url\":\"http:\/\/segamed.eu\/WordPress\/wp-content\/uploads\/2015\/01\/cropped-logovert30080-1.jpeg\",\"contentUrl\":\"http:\/\/segamed.eu\/WordPress\/wp-content\/uploads\/2015\/01\/cropped-logovert30080-1.jpeg\",\"width\":300,\"height\":80,\"caption\":\"Serious Games and Simulation Applied to Medecine and Healthcare\"},\"image\":{\"@id\":\"https:\/\/segamed.eu\/WordPress\/#\/schema\/logo\/image\/\"}}]}<\/script>\n<!-- \/ Yoast SEO plugin. -->","yoast_head_json":{"title":"Inscription SeGaMed 2018 - Serious Games and Simulation Applied to Medecine and Healthcare","robots":{"index":"index","follow":"follow","max-snippet":"max-snippet:-1","max-image-preview":"max-image-preview:large","max-video-preview":"max-video-preview:-1"},"canonical":"http:\/\/segamed.eu\/WordPress\/inscription-segamed-2018\/","og_locale":"fr_FR","og_type":"article","og_title":"Inscription SeGaMed 2018 - Serious Games and Simulation Applied to Medecine and Healthcare","og_description":"[vc_row css=\u00a0\u00bb.vc_custom_1480075289723{margin-top: 0px !important;margin-right: 0px !important;margin-bottom: 0px !important;margin-left: 0px !important;border-top-width: 0px !important;border-right-width: 0px !important;border-bottom-width: 0px !important;border-left-width: 0px !important;padding-top: 0px !important;padding-right: 0px !important;padding-bottom: 0px !important;padding-left: 0px !important;border-left-color: #000000 !important;border-left-style: solid !important;border-right-color: #000000 !important;border-right-style: solid !important;border-top-color: #000000 [...]","og_url":"http:\/\/segamed.eu\/WordPress\/inscription-segamed-2018\/","og_site_name":"Serious Games and Simulation Applied to Medecine and Healthcare","article_modified_time":"2018-11-12T10:12:06+00:00","twitter_misc":{"Dur\u00e9e de lecture estim\u00e9e":"2 minutes"},"schema":{"@context":"https:\/\/schema.org","@graph":[{"@type":"WebPage","@id":"http:\/\/segamed.eu\/WordPress\/inscription-segamed-2018\/","url":"http:\/\/segamed.eu\/WordPress\/inscription-segamed-2018\/","name":"Inscription SeGaMed 2018 - Serious Games and Simulation Applied to Medecine and Healthcare","isPartOf":{"@id":"https:\/\/segamed.eu\/WordPress\/#website"},"datePublished":"2018-10-07T15:16:54+00:00","dateModified":"2018-11-12T10:12:06+00:00","breadcrumb":{"@id":"http:\/\/segamed.eu\/WordPress\/inscription-segamed-2018\/#breadcrumb"},"inLanguage":"fr-FR","potentialAction":[{"@type":"ReadAction","target":["http:\/\/segamed.eu\/WordPress\/inscription-segamed-2018\/"]}]},{"@type":"BreadcrumbList","@id":"http:\/\/segamed.eu\/WordPress\/inscription-segamed-2018\/#breadcrumb","itemListElement":[{"@type":"ListItem","position":1,"name":"Accueil","item":"https:\/\/segamed.eu\/WordPress\/"},{"@type":"ListItem","position":2,"name":"Inscription SeGaMed 2018"}]},{"@type":"WebSite","@id":"https:\/\/segamed.eu\/WordPress\/#website","url":"https:\/\/segamed.eu\/WordPress\/","name":"Serious Games and Simulation Applied to Medecine and Healthcare","description":"Premier colloque sur la gamification, les jeux s\u00e9rieux et la simulation en sant\u00e9","publisher":{"@id":"https:\/\/segamed.eu\/WordPress\/#organization"},"potentialAction":[{"@type":"SearchAction","target":{"@type":"EntryPoint","urlTemplate":"https:\/\/segamed.eu\/WordPress\/?s={search_term_string}"},"query-input":{"@type":"PropertyValueSpecification","valueRequired":true,"valueName":"search_term_string"}}],"inLanguage":"fr-FR"},{"@type":"Organization","@id":"https:\/\/segamed.eu\/WordPress\/#organization","name":"Serious Games and Simulation Applied to Medecine and Healthcare","url":"https:\/\/segamed.eu\/WordPress\/","logo":{"@type":"ImageObject","inLanguage":"fr-FR","@id":"https:\/\/segamed.eu\/WordPress\/#\/schema\/logo\/image\/","url":"http:\/\/segamed.eu\/WordPress\/wp-content\/uploads\/2015\/01\/cropped-logovert30080-1.jpeg","contentUrl":"http:\/\/segamed.eu\/WordPress\/wp-content\/uploads\/2015\/01\/cropped-logovert30080-1.jpeg","width":300,"height":80,"caption":"Serious Games and Simulation Applied to Medecine and Healthcare"},"image":{"@id":"https:\/\/segamed.eu\/WordPress\/#\/schema\/logo\/image\/"}}]}},"_links":{"self":[{"href":"http:\/\/segamed.eu\/WordPress\/wp-json\/wp\/v2\/pages\/1548","targetHints":{"allow":["GET"]}}],"collection":[{"href":"http:\/\/segamed.eu\/WordPress\/wp-json\/wp\/v2\/pages"}],"about":[{"href":"http:\/\/segamed.eu\/WordPress\/wp-json\/wp\/v2\/types\/page"}],"author":[{"embeddable":true,"href":"http:\/\/segamed.eu\/WordPress\/wp-json\/wp\/v2\/users\/1"}],"replies":[{"embeddable":true,"href":"http:\/\/segamed.eu\/WordPress\/wp-json\/wp\/v2\/comments?post=1548"}],"version-history":[{"count":0,"href":"http:\/\/segamed.eu\/WordPress\/wp-json\/wp\/v2\/pages\/1548\/revisions"}],"wp:attachment":[{"href":"http:\/\/segamed.eu\/WordPress\/wp-json\/wp\/v2\/media?parent=1548"}],"curies":[{"name":"wp","href":"https:\/\/api.w.org\/{rel}","templated":true}]}}